{"id":240505,"date":"2025-10-30T03:30:00","date_gmt":"2025-10-30T03:30:00","guid":{"rendered":"https:\/\/intlweloveu.org\/award\/251030-recognition-from-peru-mimp\/"},"modified":"2026-03-23T02:55:00","modified_gmt":"2026-03-23T02:55:00","slug":"251030-recognition-from-peru-mimp","status":"publish","type":"award","link":"https:\/\/intlweloveu.org\/es\/award\/251030-recognition-from-peru-mimp\/","title":{"rendered":"Certificado de Reconocimiento de la Ministra de la Mujer y Poblaciones Vulnerables del Per\u00fa"},"content":{"rendered":"<p><strong>RECONOCIMIENTO<\/strong><\/p>\n<p>El Ministerio de la Mujer y Poblaciones Vulnerables y El Consejo Nacional para la Integraci\u00f3n de la Persona con Dicapacidad \u2013 CONADIS otorga el presentee reconocimiento a:<\/p>\n<p><strong>WeLoveU<\/strong><br>NGO Associated With the UN DGC<\/p>\n<p>Por su destacado compromiso con la inclusi\u00f3n social plena y efectiva de las personas con discapacidad, ediante la entrega solidaria de 400 sillas de ruedas a la poblaci\u00f3n vulnerable con discapacidad de 21 distritos de Lima. Esta a cci\u00f3n, refleja su vocaci\u00f3n de servicio, empat\u00eda y compromiso.<\/p>\n<p>Lima, 30 de octubre de 2025<\/p>\n<p><strong>Sandra Guti\u00e9rrez Cuba<\/strong><br>Ministra de la Mujer y Poblaciones Vulnerables<\/p>\n<p><strong>Sandra Piro Marco<\/strong><br>Presudebta del CONADIS<\/p>\n","protected":false},"excerpt":{"rendered":"RECONOCIMIENTO El Ministerio de la Mujer y Poblaciones Vulnerables y El Consejo Nacional para la Integraci\u00f3n de la Persona con Dicapacidad \u2013 CONADIS otorga el presentee reconocimiento a: WeLoveUNGO Associated With the UN DGC Por su destacado compromiso con la inclusi\u00f3n social plena y efectiva de las personas con discapacidad, ediante la entrega solidaria de&#8230;","protected":false},"author":13,"featured_media":240314,"menu_order":0,"comment_status":"closed","ping_status":"closed","template":"","format":"standard","meta":{"footnotes":""},"categories":[218,217],"tags":[],"location":[398,394],"class_list":["post-240505","award","type-award","status-publish","format-standard","has-post-thumbnail","hentry","category-letters-plaques-of-appreciation","category-awards-received","location-peru","location-south-america"],"yoast_head":"<!-- This site is optimized with the Yoast SEO plugin v26.8 - https:\/\/yoast.com\/product\/yoast-seo-wordpress\/ -->\n<title>Certificado de Reconocimiento de la Ministra de la Mujer y Poblaciones Vulnerables del Per\u00fa - Fundaci\u00f3n Internacional WeLoveU<\/title>\n<meta name=\"robots\" content=\"index, follow, max-snippet:-1, max-image-preview:large, max-video-preview:-1\" \/>\n<link rel=\"canonical\" href=\"https:\/\/intlweloveu.org\/es\/award\/251030-recognition-from-peru-mimp\/\" \/>\n<meta property=\"og:locale\" content=\"es_ES\" \/>\n<meta property=\"og:type\" content=\"article\" \/>\n<meta property=\"og:title\" content=\"Certificado de Reconocimiento de la Ministra de la Mujer y Poblaciones Vulnerables del Per\u00fa - Fundaci\u00f3n Internacional WeLoveU\" \/>\n<meta property=\"og:description\" content=\"RECONOCIMIENTO El Ministerio de la Mujer y Poblaciones Vulnerables y El Consejo Nacional para la Integraci\u00f3n de la Persona con Dicapacidad \u2013 CONADIS otorga el presentee reconocimiento a: WeLoveUNGO Associated With the UN DGC Por su destacado compromiso con la inclusi\u00f3n social plena y efectiva de las personas con discapacidad, ediante la entrega solidaria de...\" \/>\n<meta property=\"og:url\" content=\"https:\/\/intlweloveu.org\/es\/award\/251030-recognition-from-peru-mimp\/\" \/>\n<meta property=\"og:site_name\" content=\"Fundaci\u00f3n Internacional WeLoveU\" \/>\n<meta property=\"article:modified_time\" content=\"2026-03-23T02:55:00+00:00\" \/>\n<meta property=\"og:image\" content=\"https:\/\/intlweloveu.org\/wp-content\/uploads\/2026\/03\/img_251030_recognition_from_peru_mimp.jpg\" \/>\n\t<meta property=\"og:image:width\" content=\"1000\" \/>\n\t<meta property=\"og:image:height\" content=\"1348\" \/>\n\t<meta property=\"og:image:type\" content=\"image\/jpeg\" \/>\n<meta name=\"twitter:card\" content=\"summary_large_image\" \/>\n<meta name=\"twitter:label1\" content=\"Tiempo de lectura\" \/>\n\t<meta name=\"twitter:data1\" content=\"1 minuto\" \/>\n<script type=\"application\/ld+json\" class=\"yoast-schema-graph\">{\"@context\":\"https:\/\/schema.org\",\"@graph\":[{\"@type\":\"WebPage\",\"@id\":\"https:\/\/intlweloveu.org\/es\/award\/251030-recognition-from-peru-mimp\/\",\"url\":\"https:\/\/intlweloveu.org\/es\/award\/251030-recognition-from-peru-mimp\/\",\"name\":\"Certificado de Reconocimiento de la Ministra de la Mujer y Poblaciones Vulnerables del Per\u00fa - Fundaci\u00f3n Internacional WeLoveU\",\"isPartOf\":{\"@id\":\"https:\/\/intlweloveu.org\/#website\"},\"primaryImageOfPage\":{\"@id\":\"https:\/\/intlweloveu.org\/es\/award\/251030-recognition-from-peru-mimp\/#primaryimage\"},\"image\":{\"@id\":\"https:\/\/intlweloveu.org\/es\/award\/251030-recognition-from-peru-mimp\/#primaryimage\"},\"thumbnailUrl\":\"https:\/\/intlweloveu.org\/wp-content\/uploads\/2026\/03\/img_251030_recognition_from_peru_mimp.jpg\",\"datePublished\":\"2025-10-30T03:30:00+00:00\",\"dateModified\":\"2026-03-23T02:55:00+00:00\",\"breadcrumb\":{\"@id\":\"https:\/\/intlweloveu.org\/es\/award\/251030-recognition-from-peru-mimp\/#breadcrumb\"},\"inLanguage\":\"es\",\"potentialAction\":[{\"@type\":\"ReadAction\",\"target\":[\"https:\/\/intlweloveu.org\/es\/award\/251030-recognition-from-peru-mimp\/\"]}]},{\"@type\":\"ImageObject\",\"inLanguage\":\"es\",\"@id\":\"https:\/\/intlweloveu.org\/es\/award\/251030-recognition-from-peru-mimp\/#primaryimage\",\"url\":\"https:\/\/intlweloveu.org\/wp-content\/uploads\/2026\/03\/img_251030_recognition_from_peru_mimp.jpg\",\"contentUrl\":\"https:\/\/intlweloveu.org\/wp-content\/uploads\/2026\/03\/img_251030_recognition_from_peru_mimp.jpg\",\"width\":1000,\"height\":1348},{\"@type\":\"BreadcrumbList\",\"@id\":\"https:\/\/intlweloveu.org\/es\/award\/251030-recognition-from-peru-mimp\/#breadcrumb\",\"itemListElement\":[{\"@type\":\"ListItem\",\"position\":1,\"name\":\"\ud648\",\"item\":\"https:\/\/intlweloveu.org\/es\/\"},{\"@type\":\"ListItem\",\"position\":2,\"name\":\"Certificado de Reconocimiento de la Ministra de la Mujer y Poblaciones Vulnerables del Per\u00fa\"}]},{\"@type\":\"WebSite\",\"@id\":\"https:\/\/intlweloveu.org\/#website\",\"url\":\"https:\/\/intlweloveu.org\/\",\"name\":\"The Intl. WeLoveU Foundation\",\"description\":\"El Amor de la Madre al Mundo Entero\",\"alternateName\":\"\uad6d\uc81c\uc704\ub7ec\ube0c\uc720\uc6b4\ub3d9\ubcf8\ubd80\",\"potentialAction\":[{\"@type\":\"SearchAction\",\"target\":{\"@type\":\"EntryPoint\",\"urlTemplate\":\"https:\/\/intlweloveu.org\/?s={search_term_string}\"},\"query-input\":{\"@type\":\"PropertyValueSpecification\",\"valueRequired\":true,\"valueName\":\"search_term_string\"}}],\"inLanguage\":\"es\"}]}<\/script>\n<!-- \/ Yoast SEO plugin. -->","yoast_head_json":{"title":"Certificado de Reconocimiento de la Ministra de la Mujer y Poblaciones Vulnerables del Per\u00fa - Fundaci\u00f3n Internacional WeLoveU","robots":{"index":"index","follow":"follow","max-snippet":"max-snippet:-1","max-image-preview":"max-image-preview:large","max-video-preview":"max-video-preview:-1"},"canonical":"https:\/\/intlweloveu.org\/es\/award\/251030-recognition-from-peru-mimp\/","og_locale":"es_ES","og_type":"article","og_title":"Certificado de Reconocimiento de la Ministra de la Mujer y Poblaciones Vulnerables del Per\u00fa - Fundaci\u00f3n Internacional WeLoveU","og_description":"RECONOCIMIENTO El Ministerio de la Mujer y Poblaciones Vulnerables y El Consejo Nacional para la Integraci\u00f3n de la Persona con Dicapacidad \u2013 CONADIS otorga el presentee reconocimiento a: WeLoveUNGO Associated With the UN DGC Por su destacado compromiso con la inclusi\u00f3n social plena y efectiva de las personas con discapacidad, ediante la entrega solidaria de...","og_url":"https:\/\/intlweloveu.org\/es\/award\/251030-recognition-from-peru-mimp\/","og_site_name":"Fundaci\u00f3n Internacional WeLoveU","article_modified_time":"2026-03-23T02:55:00+00:00","og_image":[{"width":1000,"height":1348,"url":"https:\/\/intlweloveu.org\/wp-content\/uploads\/2026\/03\/img_251030_recognition_from_peru_mimp.jpg","type":"image\/jpeg"}],"twitter_card":"summary_large_image","twitter_misc":{"Tiempo de lectura":"1 minuto"},"schema":{"@context":"https:\/\/schema.org","@graph":[{"@type":"WebPage","@id":"https:\/\/intlweloveu.org\/es\/award\/251030-recognition-from-peru-mimp\/","url":"https:\/\/intlweloveu.org\/es\/award\/251030-recognition-from-peru-mimp\/","name":"Certificado de Reconocimiento de la Ministra de la Mujer y Poblaciones Vulnerables del Per\u00fa - Fundaci\u00f3n Internacional WeLoveU","isPartOf":{"@id":"https:\/\/intlweloveu.org\/#website"},"primaryImageOfPage":{"@id":"https:\/\/intlweloveu.org\/es\/award\/251030-recognition-from-peru-mimp\/#primaryimage"},"image":{"@id":"https:\/\/intlweloveu.org\/es\/award\/251030-recognition-from-peru-mimp\/#primaryimage"},"thumbnailUrl":"https:\/\/intlweloveu.org\/wp-content\/uploads\/2026\/03\/img_251030_recognition_from_peru_mimp.jpg","datePublished":"2025-10-30T03:30:00+00:00","dateModified":"2026-03-23T02:55:00+00:00","breadcrumb":{"@id":"https:\/\/intlweloveu.org\/es\/award\/251030-recognition-from-peru-mimp\/#breadcrumb"},"inLanguage":"es","potentialAction":[{"@type":"ReadAction","target":["https:\/\/intlweloveu.org\/es\/award\/251030-recognition-from-peru-mimp\/"]}]},{"@type":"ImageObject","inLanguage":"es","@id":"https:\/\/intlweloveu.org\/es\/award\/251030-recognition-from-peru-mimp\/#primaryimage","url":"https:\/\/intlweloveu.org\/wp-content\/uploads\/2026\/03\/img_251030_recognition_from_peru_mimp.jpg","contentUrl":"https:\/\/intlweloveu.org\/wp-content\/uploads\/2026\/03\/img_251030_recognition_from_peru_mimp.jpg","width":1000,"height":1348},{"@type":"BreadcrumbList","@id":"https:\/\/intlweloveu.org\/es\/award\/251030-recognition-from-peru-mimp\/#breadcrumb","itemListElement":[{"@type":"ListItem","position":1,"name":"\ud648","item":"https:\/\/intlweloveu.org\/es\/"},{"@type":"ListItem","position":2,"name":"Certificado de Reconocimiento de la Ministra de la Mujer y Poblaciones Vulnerables del Per\u00fa"}]},{"@type":"WebSite","@id":"https:\/\/intlweloveu.org\/#website","url":"https:\/\/intlweloveu.org\/","name":"The Intl. WeLoveU Foundation","description":"El Amor de la Madre al Mundo Entero","alternateName":"\uad6d\uc81c\uc704\ub7ec\ube0c\uc720\uc6b4\ub3d9\ubcf8\ubd80","potentialAction":[{"@type":"SearchAction","target":{"@type":"EntryPoint","urlTemplate":"https:\/\/intlweloveu.org\/?s={search_term_string}"},"query-input":{"@type":"PropertyValueSpecification","valueRequired":true,"valueName":"search_term_string"}}],"inLanguage":"es"}]}},"_links":{"self":[{"href":"https:\/\/intlweloveu.org\/es\/wp-json\/wp\/v2\/award\/240505","targetHints":{"allow":["GET"]}}],"collection":[{"href":"https:\/\/intlweloveu.org\/es\/wp-json\/wp\/v2\/award"}],"about":[{"href":"https:\/\/intlweloveu.org\/es\/wp-json\/wp\/v2\/types\/award"}],"author":[{"embeddable":true,"href":"https:\/\/intlweloveu.org\/es\/wp-json\/wp\/v2\/users\/13"}],"replies":[{"embeddable":true,"href":"https:\/\/intlweloveu.org\/es\/wp-json\/wp\/v2\/comments?post=240505"}],"version-history":[{"count":2,"href":"https:\/\/intlweloveu.org\/es\/wp-json\/wp\/v2\/award\/240505\/revisions"}],"predecessor-version":[{"id":240508,"href":"https:\/\/intlweloveu.org\/es\/wp-json\/wp\/v2\/award\/240505\/revisions\/240508"}],"wp:featuredmedia":[{"embeddable":true,"href":"https:\/\/intlweloveu.org\/es\/wp-json\/wp\/v2\/media\/240314"}],"wp:attachment":[{"href":"https:\/\/intlweloveu.org\/es\/wp-json\/wp\/v2\/media?parent=240505"}],"wp:term":[{"taxonomy":"category","embeddable":true,"href":"https:\/\/intlweloveu.org\/es\/wp-json\/wp\/v2\/categories?post=240505"},{"taxonomy":"post_tag","embeddable":true,"href":"https:\/\/intlweloveu.org\/es\/wp-json\/wp\/v2\/tags?post=240505"},{"taxonomy":"location","embeddable":true,"href":"https:\/\/intlweloveu.org\/es\/wp-json\/wp\/v2\/location?post=240505"}],"curies":[{"name":"wp","href":"https:\/\/api.w.org\/{rel}","templated":true}]}}

Certificado de Reconocimiento de la Ministra de la Mujer y Poblaciones Vulnerables del Perú

<p><strong>RECONOCIMIENTO</strong></p>
<p>El Ministerio de la Mujer y Poblaciones Vulnerables y El Consejo Nacional para la Integración de la Persona con Dicapacidad – CONADIS otorga el presentee reconocimiento a:</p>
<p><strong>WeLoveU</strong><br>NGO Associated With the UN DGC</p>
<p>Por su destacado compromiso con la inclusión social plena y efectiva de las personas con discapacidad, ediante la entrega solidaria de 400 sillas de ruedas a la población vulnerable con discapacidad de 21 distritos de Lima. Esta a cción, refleja su vocación de servicio, empatía y compromiso.</p>
<p>Lima, 30 de octubre de 2025</p>
<p><strong>Sandra Gutiérrez Cuba</strong><br>Ministra de la Mujer y Poblaciones Vulnerables</p>
<p><strong>Sandra Piro Marco</strong><br>Presudebta del CONADIS</p>

RECONOCIMIENTO El Ministerio de la Mujer y Poblaciones Vulnerables y El Consejo Nacional para la Integración de la Persona con Dicapacidad – CONADIS otorga el presentee reconocimiento a: WeLoveUNGO Associated With the UN DGC Por su destacado compromiso con la inclusión social plena y efectiva de las personas con discapacidad, ediante la entrega solidaria de&#8230;

<!-- This site is optimized with the Yoast SEO plugin v26.8 - https://yoast.com/product/yoast-seo-wordpress/ -->
<title>Certificado de Reconocimiento de la Ministra de la Mujer y Poblaciones Vulnerables del Perú - Fundación Internacional WeLoveU</title>
<meta name="robots" content="index, follow, max-snippet:-1, max-image-preview:large, max-video-preview:-1" />
<link rel="canonical" href="https://intlweloveu.org/es/award/251030-recognition-from-peru-mimp/" />
<meta property="og:locale" content="es_ES" />
<meta property="og:type" content="article" />
<meta property="og:title" content="Certificado de Reconocimiento de la Ministra de la Mujer y Poblaciones Vulnerables del Perú - Fundación Internacional WeLoveU" />
<meta property="og:description" content="RECONOCIMIENTO El Ministerio de la Mujer y Poblaciones Vulnerables y El Consejo Nacional para la Integración de la Persona con Dicapacidad – CONADIS otorga el presentee reconocimiento a: WeLoveUNGO Associated With the UN DGC Por su destacado compromiso con la inclusión social plena y efectiva de las personas con discapacidad, ediante la entrega solidaria de..." />
<meta property="og:url" content="https://intlweloveu.org/es/award/251030-recognition-from-peru-mimp/" />
<meta property="og:site_name" content="Fundación Internacional WeLoveU" />
<meta property="article:modified_time" content="2026-03-23T02:55:00+00:00" />
<meta property="og:image" content="https://intlweloveu.org/wp-content/uploads/2026/03/img_251030_recognition_from_peru_mimp.jpg" />
	<meta property="og:image:width" content="1000" />
	<meta property="og:image:height" content="1348" />
	<meta property="og:image:type" content="image/jpeg" />
<meta name="twitter:card" content="summary_large_image" />
<meta name="twitter:label1" content="Tiempo de lectura" />
	<meta name="twitter:data1" content="1 minuto" />
<script type="application/ld+json" class="yoast-schema-graph">{"@context":"https://schema.org","@graph":[{"@type":"WebPage","@id":"https://intlweloveu.org/es/award/251030-recognition-from-peru-mimp/","url":"https://intlweloveu.org/es/award/251030-recognition-from-peru-mimp/","name":"Certificado de Reconocimiento de la Ministra de la Mujer y Poblaciones Vulnerables del Perú - Fundación Internacional WeLoveU","isPartOf":{"@id":"https://intlweloveu.org/#website"},"primaryImageOfPage":{"@id":"https://intlweloveu.org/es/award/251030-recognition-from-peru-mimp/#primaryimage"},"image":{"@id":"https://intlweloveu.org/es/award/251030-recognition-from-peru-mimp/#primaryimage"},"thumbnailUrl":"https://intlweloveu.org/wp-content/uploads/2026/03/img_251030_recognition_from_peru_mimp.jpg","datePublished":"2025-10-30T03:30:00+00:00","dateModified":"2026-03-23T02:55:00+00:00","breadcrumb":{"@id":"https://intlweloveu.org/es/award/251030-recognition-from-peru-mimp/#breadcrumb"},"inLanguage":"es","potentialAction":[{"@type":"ReadAction","target":["https://intlweloveu.org/es/award/251030-recognition-from-peru-mimp/"]}]},{"@type":"ImageObject","inLanguage":"es","@id":"https://intlweloveu.org/es/award/251030-recognition-from-peru-mimp/#primaryimage","url":"https://intlweloveu.org/wp-content/uploads/2026/03/img_251030_recognition_from_peru_mimp.jpg","contentUrl":"https://intlweloveu.org/wp-content/uploads/2026/03/img_251030_recognition_from_peru_mimp.jpg","width":1000,"height":1348},{"@type":"BreadcrumbList","@id":"https://intlweloveu.org/es/award/251030-recognition-from-peru-mimp/#breadcrumb","itemListElement":[{"@type":"ListItem","position":1,"name":"홈","item":"https://intlweloveu.org/es/"},{"@type":"ListItem","position":2,"name":"Certificado de Reconocimiento de la Ministra de la Mujer y Poblaciones Vulnerables del Perú"}]},{"@type":"WebSite","@id":"https://intlweloveu.org/#website","url":"https://intlweloveu.org/","name":"The Intl. WeLoveU Foundation","description":"El Amor de la Madre al Mundo Entero","alternateName":"국제위러브유운동본부","potentialAction":[{"@type":"SearchAction","target":{"@type":"EntryPoint","urlTemplate":"https://intlweloveu.org/?s={search_term_string}"},"query-input":{"@type":"PropertyValueSpecification","valueRequired":true,"valueName":"search_term_string"}}],"inLanguage":"es"}]}</script>
<!-- / Yoast SEO plugin. -->

Certificado de Reconocimiento de la Ministra de la Mujer y Poblaciones Vulnerables del Perú - Fundación Internacional WeLoveU

RECONOCIMIENTO El Ministerio de la Mujer y Poblaciones Vulnerables y El Consejo Nacional para la Integración de la Persona con Dicapacidad – CONADIS otorga el presentee reconocimiento a: WeLoveUNGO Associated With the UN DGC Por su destacado compromiso con la inclusión social plena y efectiva de las personas con discapacidad, ediante la entrega solidaria de...

Fundación Internacional WeLoveU

홈

국제위러브유운동본부
